{"id":6,"date":"2023-09-22T20:32:33","date_gmt":"2023-09-22T18:32:33","guid":{"rendered":"https:\/\/khd.hu\/?page_id=6"},"modified":"2023-10-04T14:00:46","modified_gmt":"2023-10-04T12:00:46","slug":"rolam","status":"publish","type":"page","link":"https:\/\/khd.hu\/?page_id=6","title":{"rendered":"R\u00f3lam"},"content":{"rendered":"\n<p>1981-ben sz\u00fclettem Budapesten. Szegeddel szerelembe es\u00e9sem ut\u00e1n \u00fajra a f\u0151v\u00e1rosban \u00e9lek. Gimnazistak\u00e9nt arattam els\u0151 sikereimet az irodalomban, ennek \u00f6r\u00f6m\u00e9re j\u00f3l nem \u00edrtam semmit h\u00fasz \u00e9vig. \u00cdr\u00e1saim antol\u00f3gi\u00e1kban (Tetov\u00e1lt mement\u00f3, Mes\u00e9m, V\u00e9rmes\u00e9k stb.), foly\u00f3iratban (N\u00e9pszava) \u00e9s az \u00c1lljon meg egy novell\u00e1ra! plak\u00e1tjain jelentek meg. \u00datkeres\u0151 vagyok, civilben szoftverfejleszt\u0151, hobbifot\u00f3s \u00e9s macska.<\/p>\n\n\n<div class=\"wp-block-image\">\n<figure class=\"aligncenter size-large is-resized\"><img loading=\"lazy\" decoding=\"async\" src=\"https:\/\/khd.hu\/wp-content\/uploads\/2023\/10\/profilkep-714x1024.jpg\" alt=\"\" class=\"wp-image-46\" style=\"width:426px;height:610px\" width=\"426\" height=\"610\" srcset=\"https:\/\/khd.hu\/wp-content\/uploads\/2023\/10\/profilkep-714x1024.jpg 714w, https:\/\/khd.hu\/wp-content\/uploads\/2023\/10\/profilkep-209x300.jpg 209w, https:\/\/khd.hu\/wp-content\/uploads\/2023\/10\/profilkep-768x1101.jpg 768w, https:\/\/khd.hu\/wp-content\/uploads\/2023\/10\/profilkep-300x430.jpg 300w, https:\/\/khd.hu\/wp-content\/uploads\/2023\/10\/profilkep.jpg 837w\" sizes=\"auto, (max-width: 426px) 100vw, 426px\" \/><\/figure>\n<\/div>\n\n\n<p><\/p>\n\n\n\n<h2 class=\"wp-block-heading\">D\u00edjak, eredm\u00e9nyek<\/h2>\n\n\n\n<ul class=\"wp-block-list\">\n<li>2018 \u2013 Sz\u00e1rnypr\u00f3b\u00e1lgat\u00f3k 2019 irodalmi p\u00e1ly\u00e1zat, Pr\u00f3za kateg\u00f3ri\u00e1ban EZ\u00dcST min\u0151s\u00edt\u00e9s<\/li>\n\n\n\n<li>1998 \u2013 Lackfi J\u00e1nos Irodalmi p\u00e1ly\u00e1zata, pr\u00f3za kateg\u00f3ria 1. d\u00edj<br>K\u00e9rem, vigy\u00e1zzanak, az ajt\u00f3k z\u00e1r\u00f3dnak! (novella)<br>A l\u00e9pcs\u0151h\u00e1z (novella)<\/li>\n\n\n\n<li>1998 \u2013 Di\u00e1k\u00edr\u00f3k, Di\u00e1kk\u00f6lt\u0151k Orsz\u00e1gos Tal\u00e1lkoz\u00f3ja, S\u00e1rv\u00e1r, megh\u00edv\u00e1s, dics\u00e9ret<br>A barna k\u00f6nyv (novella)<\/li>\n\n\n\n<li>1997 \u2013 Di\u00e1k\u00edr\u00f3k, Di\u00e1kk\u00f6lt\u0151k Orsz\u00e1gos Tal\u00e1lkoz\u00f3ja, S\u00e1rv\u00e1r, megh\u00edv\u00e1s;<br>K\u00e9rem, vigy\u00e1zzanak, az ajt\u00f3k z\u00e1r\u00f3dnak! (novella); A l\u00e9pcs\u0151h\u00e1z (novella)<\/li>\n<\/ul>\n\n\n<div class=\"wp-block-image\">\n<figure class=\"aligncenter size-full is-resized\"><img loading=\"lazy\" decoding=\"async\" src=\"https:\/\/khd.hu\/wp-content\/uploads\/2023\/10\/szarnyprobalgatok.jpg\" alt=\"\" class=\"wp-image-62\" style=\"width:439px;height:439px\" width=\"439\" height=\"439\" srcset=\"https:\/\/khd.hu\/wp-content\/uploads\/2023\/10\/szarnyprobalgatok.jpg 1000w, https:\/\/khd.hu\/wp-content\/uploads\/2023\/10\/szarnyprobalgatok-300x300.jpg 300w, https:\/\/khd.hu\/wp-content\/uploads\/2023\/10\/szarnyprobalgatok-150x150.jpg 150w, https:\/\/khd.hu\/wp-content\/uploads\/2023\/10\/szarnyprobalgatok-768x768.jpg 768w, https:\/\/khd.hu\/wp-content\/uploads\/2023\/10\/szarnyprobalgatok-850x850.jpg 850w\" sizes=\"auto, (max-width: 439px) 100vw, 439px\" \/><\/figure>\n<\/div>","protected":false},"excerpt":{"rendered":"<p>1981-ben sz\u00fclettem Budapesten. Szegeddel szerelembe es\u00e9sem ut\u00e1n \u00fajra a f\u0151v\u00e1rosban \u00e9lek. Gimnazistak\u00e9nt arattam els\u0151 sikereimet az irodalomban, ennek \u00f6r\u00f6m\u00e9re j\u00f3l nem \u00edrtam semmit h\u00fasz \u00e9vig. \u00cdr\u00e1saim antol\u00f3gi\u00e1kban (Tetov\u00e1lt mement\u00f3, Mes\u00e9m, V\u00e9rmes\u00e9k stb.), foly\u00f3iratban (N\u00e9pszava) \u00e9s az \u00c1lljon meg egy novell\u00e1ra! plak\u00e1tjain jelentek meg. \u00datkeres\u0151 vagyok, civilben szoftverfejleszt\u0151, hobbifot\u00f3s \u00e9s macska. D\u00edjak, eredm\u00e9nyek<\/p>\n","protected":false},"author":1,"featured_media":0,"parent":0,"menu_order":0,"comment_status":"closed","ping_status":"closed","template":"","meta":{"_monsterinsights_skip_tracking":false,"_monsterinsights_sitenote_active":false,"_monsterinsights_sitenote_note":"","_monsterinsights_sitenote_category":0,"footnotes":""},"class_list":["post-6","page","type-page","status-publish","hentry"],"aioseo_notices":[],"_links":{"self":[{"href":"https:\/\/khd.hu\/index.php?rest_route=\/wp\/v2\/pages\/6","targetHints":{"allow":["GET"]}}],"collection":[{"href":"https:\/\/khd.hu\/index.php?rest_route=\/wp\/v2\/pages"}],"about":[{"href":"https:\/\/khd.hu\/index.php?rest_route=\/wp\/v2\/types\/page"}],"author":[{"embeddable":true,"href":"https:\/\/khd.hu\/index.php?rest_route=\/wp\/v2\/users\/1"}],"replies":[{"embeddable":true,"href":"https:\/\/khd.hu\/index.php?rest_route=%2Fwp%2Fv2%2Fcomments&post=6"}],"version-history":[{"count":7,"href":"https:\/\/khd.hu\/index.php?rest_route=\/wp\/v2\/pages\/6\/revisions"}],"predecessor-version":[{"id":63,"href":"https:\/\/khd.hu\/index.php?rest_route=\/wp\/v2\/pages\/6\/revisions\/63"}],"wp:attachment":[{"href":"https:\/\/khd.hu\/index.php?rest_route=%2Fwp%2Fv2%2Fmedia&parent=6"}],"curies":[{"name":"wp","href":"https:\/\/api.w.org\/{rel}","templated":true}]}}